d by 865.
744
What is the remainder when 30680101 is divided by 214?
205
What is the remainder when 14702 is divided by 12273?
2429
What is the remainder when 3113463 is divided by 239?
10
Calculate the remainder when 140018 is divided by 3577.
515
Calculate the remainder when 4967696 is divided by 1281.
1259
Calculate the remainder when 23357 is divided by 23068.
289
What is the remainder when 17031787 is divided by 165?
157
Calculate the remainder when 12922 is divided by 4200.
322
What is the remainder when 37403007 is divided by 45?
42
Calculate the remainder when 201935 is divided by 201370.
565
Calculate the remainder when 34592 is divided by 232.
24
Calculate the remainder when 313689 is divided by 1555.
1134
What is the remainder when 743200632 is divided by 682?
680
Calculate the remainder when 11026872 is divided by 51.
9
Calculate the remainder when 6138642 is divided by 202.
64
What is the remainder when 4325805 is divided by 200?
5
Calculate the remainder when 2487114 is divided by 1963.
1956
What is the remainder when 51615 is divided by 25612?
391
What is the remainder when 200047442 is divided by 41?
37
Calculate the remainder when 361316 is divided by 361088.
228
Calculate the remainder when 27389641 is divided by 724.
721
What is the remainder when 10077446 is divided by 4463?
4455
Calculate the remainder when 945379 is divided by 32516.
2415
What is the remainder when 94964 is divided by 6865?
5719
Calculate the remainder when 130785832 is divided by 1817.
1806
What is the remainder when 15803 is divided by 3540?
1643
What is the remainder when 270422 is divided by 14881?
2564
Calculate the remainder when 5461776 is divided by 20767.
55
What is the remainder when 5262840 is divided by 210513?
15
What is the remainder when 26686118 is divided by 424?
406
Calculate the remainder when 217952 is divided by 32.
0
What is the remainder when 47341 is divided by 1387?
183
Calculate the remainder when 382426 is divided by 127410.
196
What is the remainder when 2340128 is divided by 2131?
290
What is the remainder when 102333 is divided by 33838?
819
Calculate the remainder when 4320849 is divided by 2738.
285
What is the remainder when 486657 is divided by 9012?
9
What is the remainder when 2670728 is divided by 215?
213
What is the remainder when 1680932 is divided by 1030?
1002
What is the remainder when 8526 is divided by 5895?
2631
What is the remainder when 6086047 is divided by 46?
17
What is the remainder when 8858 is divided by 8067?
791
What is the remainder when 83492245 is divided by 327?
316
Calculate the remainder when 814975 is divided by 116422.
21
Calculate the remainder when 37846 is divided by 581.
81
What is the remainder when 39460 is divided by 7722?
850
What is the remainder when 1910385 is divided by 636694?
303
Calculate the remainder when 81880133 is divided by 491.
482
What is the remainder when 135832 is divided by 459?
427
What is the remainder when 700926 is divided by 8761?
46
Calculate the remainder when 45293 is divided by 4478.
513
What is the remainder when 214936 is divided by 802?
0
What is the remainder when 524019 is divided by 8?
3
Calculate the remainder when 376574880 is divided by 28.
24
What is the remainder when 13722800 is divided by 100?
0
What is the remainder when 748382745 is divided by 617?
616
What is the remainder when 833007 is divided by 8354?
5961
What is the remainder when 1253204 is divided by 250624?
84
Calculate the remainder when 61031 is divided by 56069.
4962
What is the remainder when 17486 is divided by 4616?
3638
What is the remainder when 2717815 is divided by 905606?
997
Calculate the remainder when 2365410 is divided by 2464.
2434
What is the remainder when 3158695 is divided by 71?
47
What is the remainder when 8701724 is divided by 4350858?
8
What is the remainder when 303942276 is divided by 30394224?
36
Calculate the remainder when 335753 is divided by 27907.
869
What is the remainder when 4855144 is divided by 404588?
88
What is the remainder when 77514 is divided by 1329?
432
What is the remainder when 53530 is divided by 26696?
138
What is the remainder when 3828893263 is divided by 341?
338
What is the remainder when 3854193 is divided by 132903?
6
What is the remainder when 4306243 is divided by 29698?
33
Calculate the remainder when 283969 is divided by 2043.
2035
Calculate the remainder when 38099 is divided by 6331.
113
What is the remainder when 2773415 is divided by 554657?
130
Calculate the remainder when 187536 is divided by 1257.
243
Calculate the remainder when 602835 is divided by 4244.
187
Calculate the remainder when 716737842 is divided by 397.
394
What is the remainder when 12120174 is divided by 7561?
7452
Calculate the remainder when 5741 is divided by 2443.
855
What is the remainder when 66946 is divided by 870?
826
What is the remainder when 143378655 is divided by 194280?
15
Calculate the remainder when 245420 is divided by 2469.
989
Calculate the remainder when 3308 is divided by 2929.
379
Calculate the remainder when 974206 is divided by 974016.
190
What is the remainder when 177037 is divided by 90?
7
What is the remainder when 3365915 is divided by 351?
176
Calculate the remainder when 2786945 is divided by 94.
33
Calculate the remainder when 450485 is divided by 75058.
137
What is the remainder when 1377500 is divided by 380?
0
Calculate the remainder when 5006748 is divided by 116.
72
What is the remainder when 588158 is divided by 25568?
94
What is the remainder when 52833 is divided by 477?
363
Calculate the remainder when 258137 is divided by 23180.
3157
Calculate the remainder when 61891664 is divided by 1692.
1688
Calculate the remainder when 110572021 is divided by 953207.
9
What is the remainder when 47786787 is divided by 1165531?
16
What is the remainder when 1961372 is divided by 267?
257
Calculate the remainder when 128016 is divided by 6929.
3294
What is the remainder when 2898002 is divided by 870?
32
What is the remainder when 13225838 is divided by 63?
59
What is the remainder when 664697 is divided by 11?
0
Calculate the remainder when 516723 is divided by 24605.
18
What is the remainder when 3162571 is divided by 716?
715
What is the remainder when 220292 is divided by 55062?
44
What is the remainder when 6652355 is divided by 72?
59
What is the remainder when 410436 is divided by 136804?
24
What is the remainder when 960398 is divided by 160066?
2
Calculate the remainder when 9346087 is divided by 92.
83
Calculate the remainder when 97771 is divided by 3362.
273
Calculate the remainder when 265798 is divided by 1198.
1040
What is the remainder when 2618970 is divided by 40?
10
What is the remainder when 359647 is divided by 39836?
1123
What is the remainder when 238465 is divided by 481?
370
What is the remainder when 8345389 is divided by 758650?
239
What is the remainder when 456113 is divided by 404?
401
Calculate the remainder when 10540366 is divided by 10540356.
10
Calculate the remainder when 8327099 is divided by 84.
11
Calculate the remainder when 10059440 is divided by 2.
0
Calculate the remainder when 78812 is divided by 39297.
218
Calculate the remainder when 1025189 is divided by 256224.
293
What is the remainder when 334360 is divided by 3?
1
What is the remainder when 2299637 is divided by 478?
457
What is the remainder when 871795 is divided by 556?
543
Calculate the remainder when 25276097 is divided by 25276091.
6
What is the remainder when 394653 is divided by 237?
48
Calculate the remainder when 20455297 is divided by 75.
22
Calculate the remainder when 310386 is divided by 691.
127
What is the remainder when 1762268 is divided by 323?
303
Calculate the remainder when 1346788 is divided by 40806.
190
Calculate the remainder when 17678857 is divided by 56663.
1
Calculate the remainder when 388360 is divided by 899.
891
Calculate the remainder when 12255615 is divided by 37.
31
Calculate the remainder when 642597934 is divided by 912.
910
What is the remainder when 79486 is divided by 165?
121
Calculate the remainder when 667376 is divided by 289.
75
Calculate the remainder when 6202739 is divided by 1833.
1700
Calculate the remainder when 1234362 is divided by 214.
10
Calculate the remainder 